at is the tens digit of 167802933?
3
What is the units digit of 1901743896?
6
What is the millions digit of 518091763?
8
What is the units digit of 1366769238?
8
What is the ten thousands digit of 1027663726?
6
What is the ten millions digit of 6900400267?
0
What is the hundred thousands digit of 725663989?
6
What is the ten millions digit of 89426544?
8
What is the hundreds digit of 145291370?
3
What is the ten millions digit of 1067904598?
6
What is the units digit of 1522370902?
2
What is the ten thousands digit of 72534552?
3
What is the hundred millions digit of 207822244?
2
What is the ten thousands digit of 28756798?
5
What is the hundred thousands digit of 2056957045?
9
What is the hundred millions digit of 264773673?
2
What is the units digit of 341746802?
2
What is the hundred thousands digit of 159098915?
0
What is the ten thousands digit of 366824835?
2
What is the thousands digit of 319330142?
0
What is the hundred millions digit of 1028004929?
0
What is the units digit of 781835215?
5
What is the hundred thousands digit of 540892315?
8
What is the ten millions digit of 237493786?
3
What is the hundred thousands digit of 129968099?
9
What is the millions digit of 6213151?
6
What is the millions digit of 1612919977?
2
What is the tens digit of 214935735?
3
What is the hundred thousands digit of 21107124?
1
What is the ten millions digit of 59375366?
5
What is the hundred millions digit of 3121409568?
1
What is the units digit of 577310951?
1
What is the ten thousands digit of 319120124?
2
What is the ten millions digit of 1207830468?
0
What is the millions digit of 1494397061?
4
What is the units digit of 6385804?
4
What is the hundreds digit of 4902232?
2
What is the hundred thousands digit of 1168968051?
9
What is the hundred thousands digit of 74943043?
9
What is the units digit of 31421284?
4
What is the millions digit of 435880311?
5
What is the units digit of 83227181?
1
What is the ten thousands digit of 1940742589?
4
What is the hundred millions digit of 391248146?
3
What is the tens digit of 62798364?
6
What is the hundred thousands digit of 9374143?
3
What is the units digit of 45079867?
7
What is the thousands digit of 686106858?
6
What is the tens digit of 175478797?
9
What is the hundred thousands digit of 66811797?
8
What is the hundred thousands digit of 115918205?
9
What is the hundred millions digit of 174459532?
1
What is the tens digit of 25553246?
4
What is the millions digit of 104494657?
4
What is the hundred thousands digit of 1796129961?
1
What is the units digit of 9930975?
5
What is the tens digit of 3359244781?
8
What is the millions digit of 9186449?
9
What is the hundred millions digit of 140771158?
1
What is the hundreds digit of 1711000272?
2
What is the hundreds digit of 1718748358?
3
What is the hundreds digit of 10636975?
9
What is the ten thousands digit of 336853878?
5
What is the ten thousands digit of 3836449396?
4
What is the ten millions digit of 121574184?
2
What is the hundreds digit of 146976824?
8
What is the units digit of 1233712049?
9
What is the hundred thousands digit of 57471708?
4
What is the units digit of 25958488?
8
What is the ten thousands digit of 484391256?
9
What is the millions digit of 12532129?
2
What is the ten millions digit of 44981494?
4
What is the hundred thousands digit of 427082615?
0
What is the ten millions digit of 175167201?
7
What is the tens digit of 665208374?
7
What is the thousands digit of 38126125?
6
What is the hundred millions digit of 174260487?
1
What is the units digit of 2455695232?
2
What is the ten thousands digit of 6114008?
1
What is the hundred thousands digit of 47910412?
9
What is the hundred thousands digit of 573983799?
9
What is the hundreds digit of 63594525?
5
What is the millions digit of 60484866?
0
What is the ten thousands digit of 239585500?
8
What is the hundred thousands digit of 174719022?
7
What is the ten millions digit of 3365193202?
6
What is the ten thousands digit of 2394147500?
4
What is the units digit of 14618442?
2
What is the hundreds digit of 122952195?
1
What is the tens digit of 540689334?
3
What is the hundreds digit of 36894368?
3
What is the millions digit of 504736099?
4
What is the thousands digit of 5406521?
6
What is the hundred millions digit of 3014607128?
0
What is the thousands digit of 14713219?
3
What is the ten thousands digit of 43614248?
1
What is the tens digit of 152133370?
7
What is the ten thousands digit of 391425502?
2
What is the hundred thousands digit of 5033097?
0
What is the hundred thousands digit of 3037589023?
5
What is the hundred thousands digit of 278802084?
8
What is the hundred thousands digit of 1628309461?
3
What is the hundred thousands digit of 1919869072?
8
What is the hundreds digit of 184834147?
1
What is the hundred thousands digit of 897730002?
7
What is the tens digit of 2634269122?
2
What is the units digit of 77856679?
9
What is the hundreds digit of 72104487?
4
What is the hundred thousands digit of 40932301?
9
What is the hundred millions digit of 1157902182?
1
What is the ten thousands digit of 24829468?
2
What is the hundreds digit of 102826560?
5
What is the hundred millions digit of 3037944789?
0
What is the hundreds digit of 164104374?
3
What is the tens digit of 3900859?
5
What is the hundreds digit of 67836685?
6
What is the billions digit of 1141317135?
1
What is the millions digit of 2078208622?
8
What is the units digit of 4877362078?
8
What is the millions digit of 416544552?
6
What is the units digit of 115201682?
2
What is the tens digit of 35636039?
3
What is the hundred thousands digit of 5921172?
9
What is the tens digit of 70996228?
2
What is the tens digit of 800955414?
1
What is the millions digit of 273418660?
3
What is the hundreds digit of 261377506?
5
What is the billions digit of 7441422954?
7
What is the ten thousands digit of 143674140?
7
What is the hundreds digit of 41549399?
3
What is the hundred thousands digit of 9328240?
3
What is the thousands digit of 104933977?
3
What is the hundred thousands digit of 10794920?
7
What is the hundred thousands digit of 2869496277?
4
What is the units digit of 2790749788?
8
What is the ten millions digit of 620484420?
2
What is the hundred thousands digit of 323063466?
0
What is the thousands digit of 1509210634?
0
What is the ten thousands digit of 330004805?
0
What is the tens digit of 107336954?
5
What is the hundreds digit of 4809341613?
6
What is the tens digit of 206084377?
7
What is the hundred thousands digit of 174599115?
5
What is the tens digit of 129130210?
1
What is the units digit of 67399415?
5
What is the millions digit of 527738205?
7
What is the hundreds digit of 39385371?
3
What is the ten millions digit of 577665476?
7
What is the tens digit of 3512356981?
8
What is the ten millions digit of 1081006738?
8
What is the ten thousands digit of 40446755?
4
What is the hundreds digit of 302655372?
3
What is the millions digit of 1367959267?
7
What is the ten millions digit of 254061587?
5
What is the tens digit of 370926180?
8
What is the hundred millions digit of 5381632205?
3
What is the hundred thousands digit of 7229020212?
0
What is the millions digit of 4402357427?
2
What is the hundreds digit of 4090431620?
6
What is the tens digit of 7961073094?
9
What is the millions digit of 7242380?
7
What is the ten thousands digit of 907854009?
5
What is the millions digit of 75074305?
5
What is the thousands digit of 34690375?
0
What is the hundred thousands digit of 795579734?
5
What is the ten millions digit of 71492531?
7
What is the ten thousands digit of 2232780470?
8
What is the billions digit of 1622930105?
1
What is the units digit of 69807404?
4
What is the hundreds digit of 46929487?
4
What is the hundred thousands digit of 474633845?
6
What is the hundreds digit of 84061115?
1
What is the hundred thousands digit of 46905939?
9
What is the thousands digit of 453297784?
7
What is the hundred thousands digit of 1042207894?
2
What is the hundreds digit of 416556223?
2
What is the hundred thousands digit of 601401651?
4
What is the hundred millions digit of 2362372059?
3
What is the ten thousands digit of 205510503?
1
What is the millions digit of 42716786?
2
What is the ten mi